and g?
10
Let j = 19 + 73. Suppose 212 = 4*f - j. Let k be 3/(-2)*(-494)/39. What is the highest common factor of f and k?
19
Let m = -133 + 149. Let c be (m/(-24))/(3/(-171)). Calculate the highest common divisor of c and 95.
19
Let d = 30 + -28. Suppose 24 = -d*h + 6*h. What is the greatest common divisor of 9 and h?
3
Suppose 19 + 1 = 4*n. Suppose p + t = -t + 9, 0 = n*p + 5*t - 55. Calculate the greatest common factor of 104 and p.
13
Let k(i) be the first derivative of 5*i**4 + i**2 + i + 31. Let x be k(2). Calculate the greatest common factor of 22 and x.
11
Suppose 4*q = -3*q + 14. Calculate the highest common factor of q and 19.
1
Suppose 5*k - 5 = 110. Let j = 43 - k. Suppose 0 = 2*o - 221 + 61. What is the greatest common factor of j and o?
20
Suppose 14 - 18 = -y. Suppose -y*v - 36 = -2*l, l - 6*l + 3*v = -69. What is the greatest common factor of 4 and l?
4
Let r = 463 - 283. What is the highest common factor of 300 and r?
60
Let v(a) = -2*a - 5. Let h be v(-4). Suppose -c + q = -18, 0 = -5*c - q + h*q + 96. Calculate the greatest common factor of 140 and c.
20
Suppose -39 + 291 = 2*i. Let m = 143 - i. What is the highest common factor of m and 153?
17
Suppose 0*j = j - 10. Let n be (j/(-4))/((-4)/8). Let c(b) = 15*b**2 + 42*b + 1. Let w be c(-3). What is the highest common divisor of w and n?
5
Suppose 0 = -k - 2*k - 3, -5*r = -5*k - 325. Let b = -36 + r. Calculate the highest common divisor of 4 and b.
4
Let m be (12/(-15))/((-1)/(-5)). Let t be 6/m + 23/2. Let a(f) = 6*f - 4. Let x be a(4). What is the greatest common divisor of t and x?
10
Suppose 18*x - 20*x = -5*c - 139, 0 = 2*x - 3*c - 129. Calculate the greatest common divisor of x and 209.
19
Suppose -5*y + 52 - 12 = 0. Calculate the highest common factor of y and 232.
8
Suppose 2*r - w = 10, 4*r - 36 = -w - w. Let o be (-3)/r + 125/(-35). Let z be o/(-16) - (-70)/8. Calculate the greatest common divisor of z and 99.
9
Suppose o - 4*g - 14 = -6, -5*o = -5*g - 25. Suppose -34 - 12 = 2*x. Let q be 2/4 + x/(-2). Calculate the highest common factor of o and q.
4
Let x be 17 - 20 - (-30 - (-3 + 2)). Let s be (78/(-5))/(-2)*5. What is the highest common divisor of s and x?
13
Let m = 93 - -7. Calculate the greatest common divisor of m and 60.
20
Let b(l) = 11*l - 73. Let v be b(20). Calculate the greatest common factor of 42 and v.
21
Suppose -2*r - 4 = -a, r + 0 = -5*a + 31. Suppose -1 + 13 = 3*p. Let l be p*(19/4 - 4). Calculate the highest common divisor of a and l.
3
Suppose 79*y - 160 = 71*y. What is the greatest common factor of 190 and y?
10
Let z be -1104*((-5)/2)/5. Suppose 0 = 6*d - 1332 + z. Calculate the highest common factor of 52 and d.
26
Suppose 4*n - 5*a = -540 - 517, 0 = -a + 1. Let z = -144 - n. Let r = z - -56. Calculate the greatest common divisor of r and 25.
25
Let i(d) = 43*d**2 - 2*d + 2. Let y be i(1). What is the highest common factor of y and 1?
1
Suppose -3*d = 4*a + 55 + 93, a + 5*d + 37 = 0. Let g = 7 - a. Calculate the highest common divisor of 396 and g.
44
Let l(b) = -9*b - 6. Suppose -22*c - 2 = -21*c. Let y be l(c). Calculate the greatest common factor of 84 and y.
12
Suppose 4*c + 3*g - 110 = -19, -37 = -3*c + 4*g. Let l be c + -14 + 2 + 0. What is the greatest common factor of l and 77?
7
Let s = 2015 + -1993. Suppose -2*v + 3*x = 3*v - 41, 2*v + 4*x = 6. Let q(p) = p - 5. Let w be q(v). Calculate the highest common divisor of s and w.
2
Let s(b) = b**2 + 6*b + 2. Let h be s(-12). Suppose 5*u = -5*z + 175, 3*z + 0*z = 2*u + 115. Calculate the highest common factor of h and z.
37
Suppose -10*c = -16*c - 648. Let y be (c/(-7))/((-1)/(-21)*3). Calculate the highest common divisor of 12 and y.
12
Let j(u) = -u**3 + 20*u**2 - 18*u - 21. Let n be j(19). Let h be 18 - n/4*(9 - 9). Calculate the greatest common factor of 72 and h.
18
Suppose 208 = 29*d - 3*d. What is the highest common factor of 72 and d?
8
Suppose -4*n - 924 = -11*n. Let x be 1 - (-2)/(-2)*-11. Calculate the greatest common factor of x and n.
12
Suppose 0 = -6*y + c + 44, -2*y + 2*c = -5*y + 32. Let d be 0/(-3) + -1 + 105. What is the highest common factor of y and d?
8
Let n(f) = 2*f**2 - 2*f. Let s be (-75)/(-18) - 2/12. Let q be n(s). What is the highest common divisor of q and 18?
6
Let j be (36/14)/((-3)/(-14)). Calculate the highest common divisor of j and 492.
12
Let v = -130 - -2. Let f = v - -134. What is the greatest common factor of 54 and f?
6
Let g = 8 - 9. Suppose 0 = -u + 5*s - 25, -s - 3*s = -u - 20. Let l = u - g. Calculate the greatest common divisor of 1 and l.
1
Let s be (-4)/(-6) + 34/3. Let n be (-1)/(-3)*s/1. Let v(i) = -i**2 + 4*i - 2. Let w be v(3). Calculate the greatest common divisor of n and w.
1
Suppose 4*k + 1310 = 3*n, 0 = -5*n + 4*n - 5*k + 424. What is the highest common factor of 124 and n?
62
Let s(h) = -h**2 - h + 20. Let v be s(0). Suppose 0 = 5*k + y + 154, k + 3*k = -4*y - 136. Let b = 20 - k. Calculate the greatest common divisor of b and v.
10
Suppose -136 = -4*j - 2*h - h, 4*h = 5*j - 139. Let x be (-2 - -3)*(1 - (2 - j)). What is the greatest common divisor of x and 30?
30
Let y be 6/15 - 23/(-5). Let z = 83 + -81. Calculate the highest common factor of y and z.
1
Suppose -42*i = -924 - 2100. What is the highest common divisor of 3816 and i?
72
Suppose -4*i - 29 = -5*m, -3*m - 2*i + 18 = -5*i. What is the greatest common factor of m and 1?
1
Let m = 31 - 30. Suppose -3*d + 63 = 2*g + m, -3*d + 63 = 3*g. What is the greatest common divisor of d and 220?
20
Let s be ((-4)/(-6))/(14/105). Suppose 3483*p + 210 = 3489*p. What is the highest common divisor of s and p?
5
Suppose 5*z + 9 = i - 3, 4*z = -5*i + 176. What is the greatest common factor of 928 and i?
32
Let n = -54 + 54. Suppose -20 = -4*u + 4*d - n*d, -2*u + 3*d = -7. What is the highest common factor of 8 and u?
8
Let d(j) = -j**2 + 7*j + 25. Let u be d(9). What is the highest common factor of 2 and u?
1
Let u be 1 + (21 - (-1 - 1)). Let g be (64/u)/(2/12). What is the highest common factor of 160 and g?
16
Suppose -5*f + 0*f + 15 = 0. Let z be 6 - (1*-4 + 9/9). What is the greatest common factor of f and z?
3
Suppose -5*m + 1271 = -664. Calculate the highest common divisor of 18 and m.
9
Suppose 4*c + 98*w - 93*w - 1095 = 0, 0 = c + 3*w - 265. Calculate the highest common divisor of 24 and c.
8
Suppose 3*l + 0*x = -x - 76, 4*l + 113 = x. Let v = 69 + l. What is the highest common factor of 14 and v?
14
Let o(l) = 37*l - 1. Let b be o(-3). Let n be b/2 + (-9)/3. Let s = 13 - n. What is the greatest common factor of s and 9?
9
Suppose y - 4*y = -12. Suppose -2*x - 2*r = -178, -3*x + 136 = y*r - 136. Suppose 3*z = -z + 48. What is the greatest common factor of x and z?
12
Let k = 876 + 942. What is the greatest common divisor of 18 and k?
18
Suppose -7*c + 184 + 110 = 0. What is the highest common divisor of 21 and c?
21
Let h be 0/2 + 9/((-12)/(-4)). Let r(f) = f**3 - 2*f**2 + 5*f - 2. Let o be r(h). Calculate the greatest common divisor of 2 and o.
2
Let p be 4/(-3)*3/(-2). Let b be -1 + -1 + p + 128. Let c be 2/(4/(-128)*-4). Calculate the highest common factor of b and c.
16
Let b = 334 + -288. What is the highest common divisor of 46 and b?
46
Suppose 2*i + t + 324 = -3*t, -2*i + 3*t = 324. Let a = -114 - i. What is the highest common factor of 6 and a?
6
Let z be (-3)/(15/20) - (-100 - 0). What is the greatest common factor of 18 and z?
6
Let n be (16/(-20))/(368/185 - 2). Calculate the greatest common divisor of n and 111.
37
Let k be (0/2 - -1)/(126/2142). What is the greatest common factor of k and 51?
17
Let f = 155 - 123. What is the greatest common divisor of 1 and f?
1
Suppose -y = 2*v + y + 88, 0 = 5*v + 3*y + 224. Let c = v + 76. Calculate the greatest common factor of 18 and c.
6
Let b(m) = -m**3 - 3*m**2 + 1. Let p be b(-3). Let x = -5 - -4. Let o = x - -8. Calculate the greatest common factor of p and o.
1
Suppose -3*i + 16 = 2*q, i - 24 = -i - 4*q. Suppose 27 = -i*r + 7. Let p = r + 12. What is the greatest common factor of 10 and p?
2
Suppose -79 = -v + 2*d + 17, 219 = 2*v + 5*d. What is the greatest common divisor of v and 51?
51
Suppose -2*m + 46 = -4*g, -4*g = -3*m - 2*g + 49. Suppose -w + 1 = z, w - m = 6*z - 3*z. Suppose -w*s = s - 15. What is the highest